920?
2, 3, 5, 11, 31
What are the prime factors of 793355?
5, 101, 1571
What are the prime factors of 30658794?
2, 3, 71, 79, 911
List the prime factors of 607194.
2, 3, 7, 61, 79
What are the prime factors of 1000327?
701, 1427
List the prime factors of 484432.
2, 13, 17, 137
What are the prime factors of 754538?
2, 23, 47, 349
List the prime factors of 228595.
5, 131, 349
What are the prime factors of 41039?
41039
What are the prime factors of 464131?
464131
List the prime factors of 21685897.
17, 19, 67139
What are the prime factors of 1602714?
2, 3, 29, 61, 151
List the prime factors of 363431.
363431
What are the prime factors of 16445403?
3, 13, 46853
List the prime factors of 592454.
2, 43, 83
List the prime factors of 1139045.
5, 37, 47, 131
List the prime factors of 781896.
2, 3, 32579
What are the prime factors of 1984176?
2, 3, 1531
What are the prime factors of 9670784?
2, 75553
List the prime factors of 271189.
139, 1951
What are the prime factors of 474924?
2, 3, 19, 2083
What are the prime factors of 6114614?
2, 11, 2297
List the prime factors of 1720408.
2, 215051
List the prime factors of 81574.
2, 40787
What are the prime factors of 22137?
3, 47, 157
What are the prime factors of 3272366?
2, 631, 2593
What are the prime factors of 4884668?
2, 1221167
List the prime factors of 4935763.
7, 17, 19, 37, 59
What are the prime factors of 44003?
79, 557
What are the prime factors of 661016?
2, 53, 1559
What are the prime factors of 1018190?
2, 5, 29, 3511
List the prime factors of 2185512.
2, 3, 7, 13009
What are the prime factors of 6242674?
2, 131, 23827
What are the prime factors of 1135954?
2, 353, 1609
What are the prime factors of 678916?
2, 7, 24247
List the prime factors of 25169.
25169
List the prime factors of 116994.
2, 3, 17, 31, 37
List the prime factors of 15819634.
2, 83, 157, 607
What are the prime factors of 678424?
2, 137, 619
List the prime factors of 5238065.
5, 7, 103, 1453
List the prime factors of 191584.
2, 5987
What are the prime factors of 517359?
3, 31, 5563
What are the prime factors of 3020243?
239, 12637
List the prime factors of 24690514.
2, 43, 287099
What are the prime factors of 599860?
2, 5, 89, 337
List the prime factors of 3914008.
2, 7, 37, 1889
List the prime factors of 1602823.
1602823
What are the prime factors of 4910786?
2, 71, 34583
What are the prime factors of 1386661?
31, 41, 1091
What are the prime factors of 7273359?
3, 23, 41, 857
List the prime factors of 67288.
2, 13, 647
What are the prime factors of 2393248?
2, 11, 13, 523
What are the prime factors of 1298435?
5, 31, 8377
What are the prime factors of 43807?
71, 617
What are the prime factors of 1780425?
3, 5, 41, 193
What are the prime factors of 13709?
13709
What are the prime factors of 264594?
2, 3, 11, 19, 211
What are the prime factors of 3141843?
3, 1047281
What are the prime factors of 1092427?
7, 156061
What are the prime factors of 208020?
2, 3, 5, 3467
List the prime factors of 310739.
11, 13, 41, 53
What are the prime factors of 105661?
157, 673
List the prime factors of 487955.
5, 13, 7507
What are the prime factors of 240793?
7, 41, 839
What are the prime factors of 1536243?
3, 67, 7643
What are the prime factors of 14778613?
14778613
List the prime factors of 5884058.
2, 101, 29129
What are the prime factors of 1274144?
2, 29, 1373
What are the prime factors of 2412197?
2412197
List the prime factors of 17749023.
3, 41, 113, 1277
What are the prime factors of 967239?
3, 7, 13, 1181
List the prime factors of 747381.
3, 249127
What are the prime factors of 1919930?
2, 5, 37, 5189
List the prime factors of 609072.
2, 3, 12689
What are the prime factors of 337821?
3, 11, 29, 353
List the prime factors of 3405835.
5, 681167
What are the prime factors of 19299505?
5, 17, 227053
List the prime factors of 9782.
2, 67, 73
What are the prime factors of 39268?
2, 9817
List the prime factors of 82969.
29, 2861
List the prime factors of 1772198.
2, 233, 3803
List the prime factors of 72823.
72823
What are the prime factors of 293571?
3, 83, 131
List the prime factors of 7242520.
2, 5, 181063
What are the prime factors of 212826?
2, 3, 79, 449
What are the prime factors of 4265832?
2, 3, 177743
What are the prime factors of 11488424?
2, 887, 1619
List the prime factors of 3324517.
7, 474931
List the prime factors of 8450654.
2, 607, 6961
What are the prime factors of 694348?
2, 17, 10211
List the prime factors of 26245987.
37, 709351
List the prime factors of 1808795.
5, 43, 47, 179
What are the prime factors of 957730?
2, 5, 95773
List the prime factors of 11212840.
2, 5, 280321
What are the prime factors of 364271?
364271
What are the prime factors of 3484718?
2, 1742359
List the prime factors of 9006983.
9006983
What are the prime factors of 3261650?
2, 5, 7, 9319
List the prime factors of 1387590.
2, 3, 5, 23, 2011
List the prime factors of 18307083.
3, 241, 25321
What are the prime factors of 763867?
13, 67, 877
List the prime factors of 409107.
3, 31, 53, 83
What are the prime factors of 1412488?
2, 7, 11, 2293
What are the prime factors of 99262?
2, 31, 1601
What are the prime factors of 1987496?
2, 7, 35491
What are the prime factors of 244690?
2, 5, 24469
What are the prime factors of 13041003?
3, 4347001
List the prime factors of 58960.
2, 5, 11, 67
List the prime factors of 3344087.
17, 229, 859
What are the prime factors of 610635?
3, 5, 40709
What are the prime factors of 2661629?
23, 31, 3733
What are the prime factors of 50114?
2, 25057
What are the prime factors of 5000256?
2, 3, 8681
List the prime factors of 1178843.
1178843
List the prime factors of 427984.
2, 23, 1163
List the prime factors of 19269935.
5, 523, 7369
What are the prime factors of 9001284?
2, 3, 31, 24197
What are the prime factors of 10075607?
59, 170773
What are the prime factors of 1558858?
2, 7, 111347
List the prime factors of 863117.
83, 10399
What are the prime factors of 7036443?
3, 260609
What are the prime factors of 1070382?
2, 3, 178397
List the prime factors of 21527.
11, 19, 103
What are the prime factors of 905064?
2, 3, 43, 877
What are the prime factors of 145558?
2, 7, 37, 281
List the prime factors of 211236.
2, 3, 29, 607
List the prime factors of 7312450.
2, 5, 146249
List the prime factors of 198908.
2, 49727
List the prime factors of 379932.
2, 3, 7, 4523
List the prime factors of 9361370.
2, 5, 37, 25301
What are the prime factors of 17793087?
3, 13, 456233
List the prime factors of 7545391.
7, 1077913
What are the prime factors of 378049?
7, 53, 1019
What are the prime factors of 1297977?
3, 432659
What are the prime factors of 514252?
2, 128563
What are the prime factors of 13055?
5, 7, 373
What are the prime factors of 314049?
3, 104683
List the prime factors of 648885.
3, 5, 181, 239
What are the prime factors of 4436995?
5, 887399
What are the prime factors of 7261201?
2267, 3203
What are the prime factors of 1122354?
2, 3, 23, 2711
List the prime factors of 295445.
5, 37, 1597
What are the prime factors of 1336841?
11, 121531
What are the prime factors of 1971472?
2, 123217
What are the prime factors of 1648085?
5, 329617
List the prime factors of 572991.
3, 190997
What are the prime factors of 5772471?
3, 23, 269, 311
What are the prime factors of 268385?
5, 13, 4129
What are the prime factors of 4524958?
2, 17, 133087
What are the prime factors of 575269?
577, 997
What are the prime factors of 487155?
3, 5, 47, 691
What are the prime factors of 6653585?
5, 73, 18229
List the prime factors of 217927.
383, 569
What are the prime factors of 146313?
3, 5419
What are the prime factors of 1704311?
7, 243473
List the prime factors of 3348512.
2, 269, 389
List the prime factors of 197715.
3, 5, 7, 269
List the prime factors of 618079.
7, 11, 23, 349
List the prime factors of 840244.
2, 79, 2659
What are the prime factors of 926914?
2, 463457
What are the prime factors of 871640?
2, 5, 7, 11, 283
What are the prime factors of 30068664?
2, 3, 79, 15859
What are the prime factors of 232016?
2, 17, 853
List the prime factors of 15272968.
2, 1909121
What are the prime factors of 609765?
3, 5, 13, 53, 59
What are the prime factors of 217956?
2, 3, 41, 443
What are the prime factors of 189806?
2, 94903
What are the prime 